{"id":2427,"date":"2018-07-02T18:24:21","date_gmt":"2018-07-02T17:24:21","guid":{"rendered":"https:\/\/www.phoenixfoundation.de\/?page_id=2427"},"modified":"2026-01-14T22:45:30","modified_gmt":"2026-01-14T21:45:30","slug":"bandinfo","status":"publish","type":"page","link":"https:\/\/www.phoenixfoundation.de\/?page_id=2427","title":{"rendered":"Bandinfo"},"content":{"rendered":"\t\t<div data-elementor-type=\"wp-page\" data-elementor-id=\"2427\" class=\"elementor elementor-2427\">\n\t\t\t\t\t\t<section class=\"elementor-section elementor-top-section elementor-element elementor-element-485627a5 elementor-section-boxed elementor-section-height-default elementor-section-height-default\" data-id=\"485627a5\" data-element_type=\"section\">\n\t\t\t\t\t\t<div class=\"elementor-container elementor-column-gap-default\">\n\t\t\t\t\t<div class=\"elementor-column elementor-col-100 elementor-top-column elementor-element elementor-element-5b5425fa\" data-id=\"5b5425fa\" data-element_type=\"column\">\n\t\t\t<div class=\"elementor-widget-wrap elementor-element-populated\">\n\t\t\t\t\t\t<div class=\"elementor-element elementor-element-17b89cee elementor-widget elementor-widget-text-editor\" data-id=\"17b89cee\" data-element_type=\"widget\" data-widget_type=\"text-editor.default\">\n\t\t\t\t<div class=\"elementor-widget-container\">\n\t\t\t\t\t\t\t\t\t<h3>Stile mit Stil &#8211; Sounds like a Bigband<\/h3>\n<p><img decoding=\"async\" title=\"Gyeongju 2017 \u2013 Sudheimer\" src=\"https:\/\/www.phoenixfoundation.de\/wp-content\/files\/elementor\/thumbs\/Gyeongju-2017-Sudheimer-ndtoc7jje3m8276ttn801linjnvhhxqz8oksas8ucg.jpg\" alt=\"Gyeongju 2017 - Sudheimer\"\/><\/p>\n<p>In der <b>PHOENIX FOUNDATION &#8211; von 1997 &#8211; 2025 der Bandname des &#8222;LandesJugendJazzorchesters Rheinland-Pfalz&#8220; <\/b>treffen sich &#8211; projektbezogen &#8211; die ehemaligen Musikerinnen und Musiker dieser Generationen des LandesJugendJazzorchesters RLP, um sich in Sachen Bigband-Jazz engagieren und damit auch auf die Arbeit des aktuellen LandesJugendJazzorchesters RLP aufmerksam zu machen. Big-Band-Sound der ganzen Bandbreite ist im Ensemble angesagt.<\/p>\n<p><strong>Was ist neu?<\/strong><\/p>\n<ul>\n<li><strong>Alumni-Netzwerk:<\/strong> Die Seite vernetzt die Generationen ehemaliger Musikerinnen und Musiker.<\/li>\n<li><strong>Projekt-Big-Band:<\/strong> Unter dem Namen \u201ePhoenix Foundation\u201c werden k\u00fcnftig Big-Band-Projekte der Alumni realisiert.<\/li>\n<li><strong>Support f\u00fcr das LandesJugendJazzorchester:<\/strong> Wir unterst\u00fctzen aktiv die Arbeit und Reichweite des aktuellen rheinland-pf\u00e4lzischen Nachwuchsorchesters, um so f\u00fcr dieses Erfolgsmodell der Jugendf\u00f6rderung des Jazz in Deutschland zu werben.<\/li>\n<li><strong>History-Archiv:<\/strong> Die umfassende Dokumentation aller Konzertreisen und Projekte seit 1997 bleibt weiterhin online und zug\u00e4nglich.<\/li>\n<\/ul>\n<p>Wir freuen uns darauf, die Erfolgsgeschichte der Phoenix Foundation als Br\u00fccke zwischen den Generationen fortzuschreiben!<\/p>\n<p><strong><a href=\"https:\/\/www.phoenixfoundation.de\/?page_id=2996&amp;preview=true\">Koordiniert wird das Projekt von Frank Reichert<\/a>.<\/strong><\/p>\n<p>Wie der Sagenvogel Ph\u00f6nix aus der Asche wiedergeboren wird, so<br \/>erneuern sich auch die&nbsp; \u201ePhoenix Foundation\u201c Alumni von Projekt zu<br \/>Projekt nach Bedarf und Gelegenheit.<br \/>An potenziellen Teilnehmern herrscht kein Mangel. Denn die \u201ePhoenix<br \/>Foundation\u201c hat in den letzten Dekaden ca. 300 Ehemalige hervorgebracht,<br \/>viele von Ihnen haben die Musik und den Jazz in irgendeiner Form zum<br \/>Beruf gemacht. <b>Ein Musik-Profi-Netzwerk, das sich sehen lassen kann und<br \/>seinesgleichen sucht.<\/b><\/p>\n<p>Musikalische Eigeninitiative erweitert das Spektrum: St\u00fccke, die die<br \/>Mitglieder der Band einbringen, werden f\u00fcr die \u201ePhoenix Foundation\u201c<br \/>arrangiert und ins Programm aufgenommen.<\/p>\n<p>International renommierte Jazzmusiker k\u00f6nnen auch in Zukunft Teil<br \/>m\u00f6glicher Projekte sein. In der Vergangenheit haben u.a. Nils Landgren, Nils W\u00fclker, Wolfgang Haffner, Steve Fidyk, Matthew Gallagher, Michael Mossman, Wayne Bergeron, Peter Weniger, Dieter<br \/>Glawischnig, Terell Stafford, Klaus St\u00f6tter, Joe Gallardo, Greg Abate,<br \/>Lars Reichow, Max Mutzke, Cassandra Steen, Pe Werner, mit der Band gearbeitet und kooperiert.<\/p>\n<p>Die eigene musikalische Herkunft reflektieren, offen sein, Offenheit<br \/>immer wieder neu lernen, Impulse aufnehmen. Gleichzeitig die eigene<br \/>musikalische und menschliche Performance sowie die Performance der<br \/>Gruppe markant verbessern und die nachfolgenden Generationen im<br \/>LandesJugendJazzOrchester RLP mitdenken, daf\u00fcr steht die <b>Phoenix Foundation<\/b>. Die<br \/>Spielfreude der Band bringt ihre Zuh\u00f6rer zum Swingen \u2013 Lassen auch Sie<br \/>sich anstecken!<\/p>\t\t\t\t\t\t\t\t<\/div>\n\t\t\t\t<\/div>\n\t\t\t\t\t<\/div>\n\t\t<\/div>\n\t\t\t\t\t<\/div>\n\t\t<\/section>\n\t\t\t\t<\/div>\n\t\t","protected":false},"excerpt":{"rendered":"<p>Stile mit Stil &#8211; Sounds like a Bigband In der PHOENIX FOUNDATION &#8211; von 1997 &#8211; 2025 der Bandname des &#8222;LandesJugendJazzorchesters Rheinland-Pfalz&#8220; treffen sich &#8211; projektbezogen &#8211; die ehemaligen Musikerinnen und Musiker dieser Generationen des LandesJugendJazzorchesters RLP, um sich in Sachen Bigband-Jazz engagieren und damit auch auf die Arbeit des aktuellen LandesJugendJazzorchesters RLP aufmerksam zu [&hellip;]<\/p>\n","protected":false},"author":2,"featured_media":0,"parent":2,"menu_order":0,"comment_status":"closed","ping_status":"closed","template":"","meta":{"ocean_post_layout":"","ocean_both_sidebars_style":"","ocean_both_sidebars_content_width":0,"ocean_both_sidebars_sidebars_width":0,"ocean_sidebar":"0","ocean_second_sidebar":"0","ocean_disable_margins":"enable","ocean_add_body_class":"","ocean_shortcode_before_top_bar":"","ocean_shortcode_after_top_bar":"","ocean_shortcode_before_header":"","ocean_shortcode_after_header":"","ocean_has_shortcode":"","ocean_shortcode_after_title":"","ocean_shortcode_before_footer_widgets":"","ocean_shortcode_after_footer_widgets":"","ocean_shortcode_before_footer_bottom":"","ocean_shortcode_after_footer_bottom":"","ocean_display_top_bar":"default","ocean_display_header":"default","ocean_header_style":"","ocean_center_header_left_menu":"0","ocean_custom_header_template":"0","ocean_custom_logo":0,"ocean_custom_retina_logo":0,"ocean_custom_logo_max_width":0,"ocean_custom_logo_tablet_max_width":0,"ocean_custom_logo_mobile_max_width":0,"ocean_custom_logo_max_height":0,"ocean_custom_logo_tablet_max_height":0,"ocean_custom_logo_mobile_max_height":0,"ocean_header_custom_menu":"0","ocean_menu_typo_font_family":"0","ocean_menu_typo_font_subset":"","ocean_menu_typo_font_size":0,"ocean_menu_typo_font_size_tablet":0,"ocean_menu_typo_font_size_mobile":0,"ocean_menu_typo_font_size_unit":"px","ocean_menu_typo_font_weight":"","ocean_menu_typo_font_weight_tablet":"","ocean_menu_typo_font_weight_mobile":"","ocean_menu_typo_transform":"","ocean_menu_typo_transform_tablet":"","ocean_menu_typo_transform_mobile":"","ocean_menu_typo_line_height":0,"ocean_menu_typo_line_height_tablet":0,"ocean_menu_typo_line_height_mobile":0,"ocean_menu_typo_line_height_unit":"","ocean_menu_typo_spacing":0,"ocean_menu_typo_spacing_tablet":0,"ocean_menu_typo_spacing_mobile":0,"ocean_menu_typo_spacing_unit":"","ocean_menu_link_color":"","ocean_menu_link_color_hover":"","ocean_menu_link_color_active":"","ocean_menu_link_background":"","ocean_menu_link_hover_background":"","ocean_menu_link_active_background":"","ocean_menu_social_links_bg":"","ocean_menu_social_hover_links_bg":"","ocean_menu_social_links_color":"","ocean_menu_social_hover_links_color":"","ocean_disable_title":"default","ocean_disable_heading":"default","ocean_post_title":"","ocean_post_subheading":"","ocean_post_title_style":"","ocean_post_title_background_color":"","ocean_post_title_background":0,"ocean_post_title_bg_image_position":"","ocean_post_title_bg_image_attachment":"","ocean_post_title_bg_image_repeat":"","ocean_post_title_bg_image_size":"","ocean_post_title_height":0,"ocean_post_title_bg_overlay":0.5,"ocean_post_title_bg_overlay_color":"","ocean_disable_breadcrumbs":"default","ocean_breadcrumbs_color":"","ocean_breadcrumbs_separator_color":"","ocean_breadcrumbs_links_color":"","ocean_breadcrumbs_links_hover_color":"","ocean_display_footer_widgets":"default","ocean_display_footer_bottom":"default","ocean_custom_footer_template":"0","footnotes":""},"class_list":["post-2427","page","type-page","status-publish","hentry","entry"],"_links":{"self":[{"href":"https:\/\/www.phoenixfoundation.de\/index.php?rest_route=\/wp\/v2\/pages\/2427","targetHints":{"allow":["GET"]}}],"collection":[{"href":"https:\/\/www.phoenixfoundation.de\/index.php?rest_route=\/wp\/v2\/pages"}],"about":[{"href":"https:\/\/www.phoenixfoundation.de\/index.php?rest_route=\/wp\/v2\/types\/page"}],"author":[{"embeddable":true,"href":"https:\/\/www.phoenixfoundation.de\/index.php?rest_route=\/wp\/v2\/users\/2"}],"replies":[{"embeddable":true,"href":"https:\/\/www.phoenixfoundation.de\/index.php?rest_route=%2Fwp%2Fv2%2Fcomments&post=2427"}],"version-history":[{"count":33,"href":"https:\/\/www.phoenixfoundation.de\/index.php?rest_route=\/wp\/v2\/pages\/2427\/revisions"}],"predecessor-version":[{"id":5491,"href":"https:\/\/www.phoenixfoundation.de\/index.php?rest_route=\/wp\/v2\/pages\/2427\/revisions\/5491"}],"up":[{"embeddable":true,"href":"https:\/\/www.phoenixfoundation.de\/index.php?rest_route=\/wp\/v2\/pages\/2"}],"wp:attachment":[{"href":"https:\/\/www.phoenixfoundation.de\/index.php?rest_route=%2Fwp%2Fv2%2Fmedia&parent=2427"}],"curies":[{"name":"wp","href":"https:\/\/api.w.org\/{rel}","templated":true}]}}